{"id":402,"date":"2020-12-21T14:11:15","date_gmt":"2020-12-21T14:11:15","guid":{"rendered":"http:\/\/pixelprime.co\/themes\/resideo-wp\/demo-7\/?page_id=260"},"modified":"2021-11-08T15:02:03","modified_gmt":"2021-11-08T14:02:03","slug":"about-us","status":"publish","type":"page","link":"https:\/\/www.sorrentoimmobiliare.it\/index.php\/about-us\/","title":{"rendered":"Chi Siamo"},"content":{"rendered":"\n<div class=\"wp-block-group\"><div class=\"wp-block-group__inner-container is-layout-flow wp-block-group-is-layout-flow\"><div class=\"pxp-services-accordion mt-100\">\n                            <div class=\"container\">\n                                <div class=\"row\">\n                                    <div class=\"col-md-4\">\n                                        <h2 class=\"pxp-section-h2\" style=\"\">Esperienza, professionalit\u00e0, conoscenza del territorio al tuo servizio.<\/h2>\n                                        <p class=\"pxp-text-light\" style=\"\"><\/p>\n                                    <\/div>\n                                    <div class=\"col-md-2\"><\/div>\n                                    <div class=\"col-md-6\">\n                                        <div class=\"accordion\" id=\"pxpServicesAccordion69e4bbeb46619\"><div class=\"pxp-services-accordion-item \">\n                                                <div class=\"pxp-services-accordion-item-header\" id=\"pxpServicesAccordionHeading69e4bbeb46619-0\">\n                                                    <h4 class=\"mb-0\">\n                                                        <button class=\"btn btn-link btn-block text-left \" type=\"button\" data-toggle=\"collapse\" data-target=\"#pxpServicesAccordionCollapse69e4bbeb46619-0\" aria-expanded=\"true\" aria-controls=\"pxpServicesAccordionCollapse69e4bbeb46619-0\">\n                                                            <span class=\"pxp-services-accordion-item-icon\"><\/span> PERCORSO DI RICERCA PERSONALIZZATO\n                                                        <\/button>\n                                                    <\/h4>\n                                                <\/div>\n                                                <div id=\"pxpServicesAccordionCollapse69e4bbeb46619-0\" class=\"collapse show\" aria-labelledby=\"pxpServicesAccordionHeading69e4bbeb46619-0\" data-parent=\"#pxpServicesAccordion69e4bbeb46619\">\n                                                    <div class=\"pxp-services-accordion-item-body pxp-text-light\">Affidandoti a Sorrento Immobiliare avrai accesso a questo meraviglioso territorio attraverso un percorso di ricerca del tuo immobile mirato e personalizzato in base alle tue richieste. <\/div>\n                                                <\/div>\n                                            <\/div><div class=\"pxp-services-accordion-item mt-2 mt-md-3\">\n                                                <div class=\"pxp-services-accordion-item-header\" id=\"pxpServicesAccordionHeading69e4bbeb46619-1\">\n                                                    <h4 class=\"mb-0\">\n                                                        <button class=\"btn btn-link btn-block text-left collapsed\" type=\"button\" data-toggle=\"collapse\" data-target=\"#pxpServicesAccordionCollapse69e4bbeb46619-1\" aria-expanded=\"true\" aria-controls=\"pxpServicesAccordionCollapse69e4bbeb46619-1\">\n                                                            <span class=\"pxp-services-accordion-item-icon\"><\/span> IMMOBILI DI QUALITA&#039;\n                                                        <\/button>\n                                                    <\/h4>\n                                                <\/div>\n                                                <div id=\"pxpServicesAccordionCollapse69e4bbeb46619-1\" class=\"collapse \" aria-labelledby=\"pxpServicesAccordionHeading69e4bbeb46619-1\" data-parent=\"#pxpServicesAccordion69e4bbeb46619\">\n                                                    <div class=\"pxp-services-accordion-item-body pxp-text-light\">Sorrento Immobiliare selezioner\u00e0 per te solo immobili di qualit\u00e0, grazie alla profonda conoscenza del territorio ed alla professionalit\u00e0 dei suoi agenti.<\/div>\n                                                <\/div>\n                                            <\/div><div class=\"pxp-services-accordion-item mt-2 mt-md-3\">\n                                                <div class=\"pxp-services-accordion-item-header\" id=\"pxpServicesAccordionHeading69e4bbeb46619-2\">\n                                                    <h4 class=\"mb-0\">\n                                                        <button class=\"btn btn-link btn-block text-left collapsed\" type=\"button\" data-toggle=\"collapse\" data-target=\"#pxpServicesAccordionCollapse69e4bbeb46619-2\" aria-expanded=\"true\" aria-controls=\"pxpServicesAccordionCollapse69e4bbeb46619-2\">\n                                                            <span class=\"pxp-services-accordion-item-icon\"><\/span> L&#039;IMMOBILE ADATTO AL TUO STILE DI VITA \n                                                        <\/button>\n                                                    <\/h4>\n                                                <\/div>\n                                                <div id=\"pxpServicesAccordionCollapse69e4bbeb46619-2\" class=\"collapse \" aria-labelledby=\"pxpServicesAccordionHeading69e4bbeb46619-2\" data-parent=\"#pxpServicesAccordion69e4bbeb46619\">\n                                                    <div class=\"pxp-services-accordion-item-body pxp-text-light\">Sorrento Immobiliare realizzer\u00e0 il tuo desiderio di vivere nella casa dei tuoi sogni.<\/div>\n                                                <\/div>\n                                            <\/div><div class=\"pxp-services-accordion-item mt-2 mt-md-3\">\n                                                <div class=\"pxp-services-accordion-item-header\" id=\"pxpServicesAccordionHeading69e4bbeb46619-3\">\n                                                    <h4 class=\"mb-0\">\n                                                        <button class=\"btn btn-link btn-block text-left collapsed\" type=\"button\" data-toggle=\"collapse\" data-target=\"#pxpServicesAccordionCollapse69e4bbeb46619-3\" aria-expanded=\"true\" aria-controls=\"pxpServicesAccordionCollapse69e4bbeb46619-3\">\n                                                            <span class=\"pxp-services-accordion-item-icon\"><\/span> LA CHIAVE DELL&#039;IMMOBILE CHE STAI CERCANDO E&#039; GIA&#039; NELLE TUE MANI\n                                                        <\/button>\n                                                    <\/h4>\n                                                <\/div>\n                                                <div id=\"pxpServicesAccordionCollapse69e4bbeb46619-3\" class=\"collapse \" aria-labelledby=\"pxpServicesAccordionHeading69e4bbeb46619-3\" data-parent=\"#pxpServicesAccordion69e4bbeb46619\">\n                                                    <div class=\"pxp-services-accordion-item-body pxp-text-light\">Sorrento Immobiliare ti seguir\u00e0 in questo percorso accompagnandoti in ogni passaggio, dalla prima visita sull&#039;immobile fino alla consegna delle chiavi. <\/div>\n                                                <\/div>\n                                            <\/div><\/div><\/div>\n                                <\/div>\n                            <\/div>\n                        <\/div><\/div><\/div>\n\n\n\n<div class=\"wp-block-group\"><div class=\"wp-block-group__inner-container is-layout-flow wp-block-group-is-layout-flow\"><div class=\"pxp-promo-slider mt-100 pt-200 pb-200\">\n                <div id=\"pxp-promo-slider-carousel-69e4bbeb4760f\" class=\"carousel slide pxp-promo-slider-carousel\" data-ride=\"carousel\" data-pause=\"false\" data-interval=\"7000\">\n                    <div class=\"carousel-inner\"><div class=\"carousel-item active pxp-cover\" style=\"background-image: url(https:\/\/www.sorrentoimmobiliare.it\/wp-content\/uploads\/2021\/10\/tanner-crockett-VV1CbLni55E-unsplash-1920x1280.jpg);\"><\/div><div class=\"carousel-item  pxp-cover\" style=\"background-image: url(https:\/\/www.sorrentoimmobiliare.it\/wp-content\/uploads\/2021\/10\/nellia-kurme-lBZobCZ3d9I-unsplash-1920x1280.jpg);\"><\/div><\/div>\n                <\/div>\n\n                <div class=\"container\">\n                    <div class=\"row justify-content-center\">\n                        <div class=\"col-sm-12 col-md-6 col-lg-4\">\n                            <div class=\"pxp-promo-slider-caption pxp-animate-in\"><div class=\"pxp-promo-slider-caption-item pxp-active\" data-index=\"0\">\n                                    <h2 class=\"pxp-section-h2\">Antonella<\/h2>\n                                    <p class=\"pxp-text-light\">Chi trova Sorrento Immobiliare, trova un tesoro.. e questo tesoro noi l\u2019abbiamo trovato nella Penisola Sorrentina. Grazie a Rossella abbiamo trovato la nostra casa immersa nella natura a pochi passi dal centro! \n<\/p><\/div><div class=\"pxp-promo-slider-caption-item \" data-index=\"1\">\n                                    <h2 class=\"pxp-section-h2\">Davide<\/h2>\n                                    <p class=\"pxp-text-light\">Cercavo una casa vacanze in un luogo autentico a pochi passi dal mare. Ci siamo sentiti coccolati e guidati nella ricerca, fino alla scoperta del nostro piccolo angolo di paradiso. \n<\/p><\/div><ol class=\"pxp-promo-slider-caption-dots mt-3 mt-md-4\"><li data-target=\"#pxp-promo-slider-carousel-69e4bbeb4760f\" data-slide-to=\"0\" class=\"active\"><div><\/div><\/li><li data-target=\"#pxp-promo-slider-carousel-69e4bbeb4760f\" data-slide-to=\"1\" class=\"\"><div><\/div><\/li><\/ol>\n                            <\/div>\n                        <\/div>\n                    <\/div>\n                <\/div>\n            <\/div><\/div><\/div>\n\n\n\n<div class=\"wp-block-group\"><div class=\"wp-block-group__inner-container is-layout-flow wp-block-group-is-layout-flow\">\n<div class=\"wp-block-columns is-layout-flex wp-container-core-columns-is-layout-9d6595d7 wp-block-columns-is-layout-flex\">\n<div class=\"wp-block-column is-layout-flow wp-block-column-is-layout-flow\" style=\"flex-basis:100%\"><div class=\"pxp-numbers pt-100 pb-100 \">\n                    <div class=\"container\">\n                        <h2 class=\"pxp-section-h2\">I nostri numeri<\/h2>\n                        <p class=\"pxp-text-light\">Nel 2021 abbiamo venduto<\/p>\n                        <div class=\"row\"><div class=\"col-sm-4\">\n                                <div class=\"pxp-numbers-item mt-4 mt-md-5\">\n                                    <div class=\"pxp-numbers-item-number\"><span class=\"numscroller\" data-min=\"0\" data-max=\"+di 100\" data-delay=\"1\" data-increment=\"1\"><\/span><\/div>\n                                    <div class=\"pxp-numbers-item-title\">GLI IMMOBILI IN GESTIONE IN VENDITA<\/div>\n                                    <div class=\"pxp-numbers-item-text pxp-text-light\"><\/div>\n                                <\/div>\n                            <\/div><div class=\"col-sm-4\">\n                                <div class=\"pxp-numbers-item mt-4 mt-md-5\">\n                                    <div class=\"pxp-numbers-item-number\"><span class=\"numscroller\" data-min=\"0\" data-max=\"+ di 10000\" data-delay=\"1\" data-increment=\"1\"><\/span><\/div>\n                                    <div class=\"pxp-numbers-item-title\">I CLIENTI CHE CI CONTATTANO OGNI ANNO<\/div>\n                                    <div class=\"pxp-numbers-item-text pxp-text-light\"><\/div>\n                                <\/div>\n                            <\/div><\/div>\n                    <\/div>\n                <\/div><\/div>\n<\/div>\n<\/div><\/div>\n","protected":false},"excerpt":{"rendered":"","protected":false},"author":1,"featured_media":0,"parent":0,"menu_order":0,"comment_status":"closed","ping_status":"closed","template":"fullwidth.php","meta":{"footnotes":""},"class_list":["post-402","page","type-page","status-publish","hentry"],"_links":{"self":[{"href":"https:\/\/www.sorrentoimmobiliare.it\/index.php\/wp-json\/wp\/v2\/pages\/402","targetHints":{"allow":["GET"]}}],"collection":[{"href":"https:\/\/www.sorrentoimmobiliare.it\/index.php\/wp-json\/wp\/v2\/pages"}],"about":[{"href":"https:\/\/www.sorrentoimmobiliare.it\/index.php\/wp-json\/wp\/v2\/types\/page"}],"author":[{"embeddable":true,"href":"https:\/\/www.sorrentoimmobiliare.it\/index.php\/wp-json\/wp\/v2\/users\/1"}],"replies":[{"embeddable":true,"href":"https:\/\/www.sorrentoimmobiliare.it\/index.php\/wp-json\/wp\/v2\/comments?post=402"}],"version-history":[{"count":24,"href":"https:\/\/www.sorrentoimmobiliare.it\/index.php\/wp-json\/wp\/v2\/pages\/402\/revisions"}],"predecessor-version":[{"id":902,"href":"https:\/\/www.sorrentoimmobiliare.it\/index.php\/wp-json\/wp\/v2\/pages\/402\/revisions\/902"}],"wp:attachment":[{"href":"https:\/\/www.sorrentoimmobiliare.it\/index.php\/wp-json\/wp\/v2\/media?parent=402"}],"curies":[{"name":"wp","href":"https:\/\/api.w.org\/{rel}","templated":true}]}}